897?
11, 29, 206263
What are the prime factors of 178978675?
5, 7159147
What are the prime factors of 19355543?
233, 83071
What are the prime factors of 785787566?
2, 17, 31, 745529
What are the prime factors of 63634722?
2, 3, 151, 70237
What are the prime factors of 381331633?
47, 73, 111143
What are the prime factors of 49704325?
5, 11, 61, 2963
List the prime factors of 93246296.
2, 11, 13, 81509
What are the prime factors of 19778874?
2, 3, 3296479
What are the prime factors of 851795817?
3, 211, 1345649
List the prime factors of 119708709.
3, 39902903
What are the prime factors of 18450815?
5, 29, 127247
List the prime factors of 1063481101.
1063481101
List the prime factors of 820811620.
2, 5, 41040581
List the prime factors of 70718585.
5, 7, 151, 13381
List the prime factors of 508850072.
2, 63606259
What are the prime factors of 55813249?
23, 1361, 1783
List the prime factors of 91950415.
5, 18390083
List the prime factors of 777907935.
3, 5, 7, 823183
What are the prime factors of 521500590?
2, 3, 5, 13, 61, 7307
List the prime factors of 1943240524.
2, 439, 1106629
List the prime factors of 8101207837.
8101207837
What are the prime factors of 40433899?
11, 3675809
List the prime factors of 72519602.
2, 31, 311, 3761
List the prime factors of 2385775030.
2, 5, 238577503
List the prime factors of 3626064124.
2, 1583, 572657
List the prime factors of 3866899955.
5, 23, 33625217
What are the prime factors of 14078602?
2, 53, 132817
What are the prime factors of 4296634937?
7, 31, 19800161
List the prime factors of 3150700183.
37, 179, 475721
List the prime factors of 7267203572.
2, 1816800893
List the prime factors of 2261965345.
5, 17, 29, 917633
List the prime factors of 1981269570.
2, 3, 5, 7, 9434617
List the prime factors of 24726554.
2, 1009, 12253
List the prime factors of 6985596.
2, 3, 757, 769
List the prime factors of 121333540.
2, 5, 311, 19507
What are the prime factors of 67456042?
2, 19, 557, 3187
What are the prime factors of 1138335505?
5, 19, 109, 211, 521
List the prime factors of 62022188.
2, 17, 97, 9403
What are the prime factors of 186625601?
4673, 39937
What are the prime factors of 2345844306?
2, 3, 13, 30074927
What are the prime factors of 600379841?
19, 31598939
List the prime factors of 40536345.
3, 5, 29, 93187
List the prime factors of 89068501.
89068501
List the prime factors of 7472691.
3, 29, 28631
List the prime factors of 144542038.
2, 4243, 17033
List the prime factors of 175806639.
3, 17, 19, 1061
What are the prime factors of 738810303?
3, 7, 11, 3198313
List the prime factors of 144269013.
3, 7, 6869953
List the prime factors of 193928753.
43, 67, 83, 811
List the prime factors of 923095379.
149, 41579
What are the prime factors of 2920627182?
2, 3, 11, 44251927
What are the prime factors of 30590789?
2797, 10937
List the prime factors of 248502748.
2, 13, 19, 97, 2593
List the prime factors of 45116984.
2, 11, 23, 22291
What are the prime factors of 25626938?
2, 47, 227, 1201
What are the prime factors of 126064400?
2, 5, 7, 11, 4093
What are the prime factors of 292873539?
3, 7, 1992337
List the prime factors of 276223578.
2, 3, 31, 853, 1741
List the prime factors of 107738023.
107738023
What are the prime factors of 1153731759?
3, 41, 67, 139999
List the prime factors of 25894627.
11, 619, 3803
List the prime factors of 176519720.
2, 5, 13, 101, 3361
What are the prime factors of 377048375?
5, 11, 443, 619
What are the prime factors of 15181745?
5, 3036349
List the prime factors of 160345169.
12583, 12743
What are the prime factors of 7325784321?
3, 491, 4973377
List the prime factors of 1914464834.
2, 43, 53, 67, 6269
What are the prime factors of 73850381?
11, 6713671
What are the prime factors of 20814836?
2, 7, 179, 4153
What are the prime factors of 189021627?
3, 83, 84347
List the prime factors of 734743568.
2, 13, 499, 7079
List the prime factors of 57862956.
2, 3, 4821913
What are the prime factors of 272574614?
2, 13, 10483639
List the prime factors of 3998715883.
3998715883
List the prime factors of 601866.
2, 3, 29, 1153
List the prime factors of 1616158265.
5, 323231653
What are the prime factors of 51566984?
2, 7, 17, 54167
What are the prime factors of 127799412?
2, 3, 13, 409, 2003
List the prime factors of 912531644.
2, 17, 13419583
List the prime factors of 469264211.
13, 211, 171077
List the prime factors of 106950962.
2, 19, 2814499
What are the prime factors of 44804301?
3, 47, 197, 1613
What are the prime factors of 2219899568?
2, 138743723
What are the prime factors of 985941829?
985941829
List the prime factors of 798898627.
53, 15073559
List the prime factors of 328220479.
17, 1135711
List the prime factors of 2625646687.
2625646687
List the prime factors of 4061290376.
2, 11, 13, 273083
What are the prime factors of 1917928362?
2, 3, 7, 19, 2403419
What are the prime factors of 168110429?
168110429
What are the prime factors of 429046804?
2, 107261701
What are the prime factors of 8042358?
2, 3, 19, 47, 79
What are the prime factors of 32811192?
2, 3, 455711
List the prime factors of 10455802.
2, 7, 746843
What are the prime factors of 781520356?
2, 43, 4543723
What are the prime factors of 236477316?
2, 3, 19706443
What are the prime factors of 417321549?
3, 46369061
What are the prime factors of 5990504841?
3, 1163, 572323
What are the prime factors of 2336890894?
2, 13, 109, 824591
List the prime factors of 929303727.
3, 11, 101, 278819
List the prime factors of 1717587726.
2, 3, 19, 15066559
What are the prime factors of 92712265?
5, 18542453
List the prime factors of 256704797.
43, 773, 7723
What are the prime factors of 99990074?
2, 353, 141629
List the prime factors of 156535370.
2, 5, 15653537
What are the prime factors of 120492183?
3, 7, 71, 211, 383
What are the prime factors of 5288632?
2, 17, 37, 1051
What are the prime factors of 1048698311?
103, 2153, 4729
List the prime factors of 473101158.
2, 3, 877, 89909
List the prime factors of 59999359.
7, 19, 41, 11003
What are the prime factors of 125988344?
2, 1399, 11257
List the prime factors of 163358024.
2, 20419753
What are the prime factors of 51032537?
19, 127, 21149
What are the prime factors of 526541775?
3, 5, 19, 541, 683
List the prime factors of 28427205.
3, 5, 157, 12071
What are the prime factors of 47876120?
2, 5, 421, 2843
What are the prime factors of 80390963?
331, 242873
List the prime factors of 53922918.
2, 3, 7, 1283879
List the prime factors of 1441681699.
23, 163, 239, 1609
List the prime factors of 3644022474.
2, 3, 97, 2087069
List the prime factors of 420778945.
5, 84155789
What are the prime factors of 80873351?
13, 6221027
List the prime factors of 158073217.
19, 109, 127, 601
List the prime factors of 120114987.
3, 31, 37, 67, 521
What are the prime factors of 2006553704?
2, 47, 5336579
What are the prime factors of 242598723?
3, 80866241
List the prime factors of 72737708.
2, 37, 359
What are the prime factors of 336878226?
2, 3, 673, 27809
List the prime factors of 80812930.
2, 5, 11, 734663
List the prime factors of 33425458.
2, 11, 29, 52391
List the prime factors of 2484459614.
2, 7, 13, 467, 29231
List the prime factors of 5166000517.
937, 5513341
List the prime factors of 720195756.
2, 3, 7, 8573759
List the prime factors of 186226990.
2, 5, 18622699
List the prime factors of 202423121.
223, 907727
List the prime factors of 185454206.
2, 7, 13246729
What are the prime factors of 94816133?
6469, 14657
What are the prime factors of 3074583343?
13, 1543, 153277
What are the prime factors of 30712969?
7, 4387567
List the prime factors of 57159897.
3, 79, 433, 557
List the prime factors of 582907428.
2, 3, 599699
List the prime factors of 430371840.
2, 3, 5, 28019
List the prime factors of 235773685.
5, 7, 569, 11839
List the prime factors of 90589647.
3, 30196549
What are the prime factors of 75657834?
2, 3, 7, 200153
List the prime factors of 16815815.
5, 131, 25673
List the prime factors of 2478106739.
631, 3927269
List the prime factors of 755981462.
2, 19, 3631, 5479
List the prime factors of 102918343.
11, 9356213
What are the prime factors of 143192356?
2, 2609, 13721
What are the prime factors of 54680762?
2, 27340381
List the prime factors of 811929938.
2, 1721, 